t of g(v)?
8
Let b(c) = c**3 - 24*c**2 + 11*c - 66. Let y be b(24). Suppose y = -9*t + 3924. What is the units digit of t?
4
Let n = 823 + 628. Suppose 0 = 2*a - n - 485. What is the tens digit of a?
6
Let w = 4209 - 248. What is the units digit of w?
1
Suppose 2*o + 0*o = 26. Let g = o - 14. What is the units digit of ((-7)/21)/(g/243)?
1
Suppose 0 = 177*f - 183*f + 24. Suppose f*g + 156 = 604. What is the units digit of g?
2
Suppose 5*u = 40, -s + 2402 + 2766 = u. What is the thousands digit of s?
5
What is the tens digit of (2 + -3 + 185)*(-4582)/(-316)?
6
Suppose -5*b + 354 = -3*x, -4*x + 253 = 5*b - 80. Let l = b + -63. What is the hundreds digit of (3/(-2))/((-3475)/(-580) - l)?
1
Suppose 4*b - 10 = 2*b, -3*b = -2*c + 249. Suppose -127*r + c*r - 3555 = 0. What is the units digit of r?
1
Let k(g) = 52*g**3 - g**2 - 4*g + 19. What is the thousands digit of k(5)?
6
Let o be (-765)/(-81) - 14 - 4/9. Let j(u) = 65*u**2 - 13*u - 75. What is the hundreds digit of j(o)?
6
Let m(v) = 42 + 35 + 8*v**2 + 133 - 9*v**2. What is the hundreds digit of m(0)?
2
Let l(g) = 18*g**3 + 9*g**2 + 10*g - 104. What is the units digit of l(9)?
7
Let h(o) be the third derivative of 169*o**5/60 - o**3/6 - 4*o**2. Let p be h(-1). Suppose 2*n + 0*n - b = 80, 4*b + p = 4*n. What is the units digit of n?
8
Suppose 0 = -4*f + 8, 14 = 3*i + i + f. Suppose -16 = -i*q - q, 3*q - 217 = -5*j. Suppose -146 = -m - 3*s, -m = -5*s - 89 - j. What is the units digit of m?
0
Suppose 188*v + 349584 = 163*v + 1231809. What is the thousands digit of v?
5
Suppose -2*g = 42*g - 351003 - 187997. What is the tens digit of g?
5
Let m = -24 - -27. Suppose 253 = m*z - 2*h + 53, 4*z - 290 = -2*h. Suppose 5*b + 0 = z. What is the units digit of b?
4
Suppose -3*t - 443 + 11 = 0. Let p(a) = -87*a - 15. Let h be p(-5). Let n = t + h. What is the hundreds digit of n?
2
Let a = -374 + 724. Let j = a + -246. What is the hundreds digit of j?
1
Let k(p) be the first derivative of 28*p**3/3 - 9*p**2/2 + 19*p + 90. What is the tens digit of k(3)?
4
Suppose 114*t = 62*t + 124267 + 111501. What is the thousands digit of t?
4
Let f = -80 - -74. Let t be (f + 4)/((-6)/345). Let y = t + 78. What is the tens digit of y?
9
Suppose 3*s - 8*s = -5*f - 7775, 2*s - 3107 = 5*f. Suppose -2445 = -4*k + 3*j, -j + s - 331 = 2*k. What is the units digit of k?
2
Suppose 104*v - 109*v - 40 = 0, -4*v = -f + 46424. What is the ten thousands digit of f?
4
Let w be 0 + (-1 - 4/1). Let a(j) = -j**2 - 7*j. Let n be a(w). Suppose -40 - n = -5*q. What is the units digit of q?
0
Let k = -995 + 14182. What is the ten thousands digit of k?
1
Suppose -c = -1, u - 96*c - 8792 = -95*c. What is the tens digit of u?
9
Let k(c) = 3852*c + 806. What is the hundreds digit of k(4)?
2
Let y = -301 + 1099. What is the units digit of y?
8
Let j(i) = i - 8. Let r be j(6). Let t be (-2)/4 - ((-1833)/(-6))/13. Let f = r - t. What is the units digit of f?
2
Let f = 31899 - -2580. What is the thousands digit of f?
4
Let n(c) = -5*c**2 - 7*c - 8. Let l be n(7). Let i be 4/(-34) - 54397/(-119). Let u = l + i. What is the hundreds digit of u?
1
Suppose -4*s - 66097 = -3*a, 949*s = 948*s + 2. What is the thousands digit of a?
2
Let x(w) = w**2 + 9*w - 19. Let p be x(-11). What is the thousands digit of (0 + 10/p)/((-231)/(-94248))?
1
Suppose -2*j + 2*z = -36, -2*j + 4*j - 46 = 4*z. Let a(p) = 6*p**2 + 20*p - 34. What is the tens digit of a(j)?
4
Suppose 4425 = 5*f + 3*y, -f + 1465 - 582 = y. Suppose f + 534 = 6*o. What is the units digit of o?
7
Suppose 35*y - 37*y = 13912. What is the hundreds digit of y/(-16) + -1 + 2/8?
4
Let t = -313 + 483. Let q = 43 + t. What is the hundreds digit of q?
2
Let p = 3144 + 14922. What is the tens digit of p?
6
Suppose -142189 = -29*d + 66814. What is the thousands digit of d?
7
What is the units digit of (-1135 - -44)*(0 + -9)?
9
Let x = -1162 + 2467. What is the hundreds digit of x?
3
Suppose -18*f + 14*f + 177708 = 0. What is the hundreds digit of (f/236)/((-3)/(-8))?
5
Suppose -7*t + 6*t - 3*b = -242, 0 = 4*t + 5*b - 982. Suppose -t*k = -237*k - 7172. What is the hundreds digit of k?
6
What is the hundreds digit of 8/12*(-31)/((-341)/133980)?
1
Suppose 5*s + 5*i = -20 - 0, s + 4*i + 4 = 0. Let l be (13 + s - 4) + 2. Suppose -3*t - 2*d = -277, -d + 376 = -3*t + l*t. What is the units digit of t?
5
Let c(v) = 2*v**3 - 12*v**2 + 15*v + 16. Let a be c(7). Suppose -3*r = 9, -2*j + a = -4*r + 33. What is the tens digit of j?
8
Let n be 565*(-6)/(-15) + 8. Let r be (6/(-4))/(1/(-2)). Suppose -r*y + n + 288 = 0. What is the units digit of y?
4
Let b(f) = -2*f**3 - 87*f**2 + 692*f + 185. What is the thousands digit of b(-55)?
1
Let n be 560/42*(-18)/(-8). Let m(q) = 109*q + 1. Let b be m(1). Let v = b - n. What is the tens digit of v?
8
Let k(x) = -x**2 - 3. Let z be k(0). Let j be 864/10 + (-39)/(-15) + z. Suppose -f + 2*b = -j, -5*f + b = -f - 344. What is the units digit of f?
6
Let i = -137 + 140. Let b(w) = 12*w**3 - 11*w**2 + 2*w + 1. What is the tens digit of b(i)?
3
Let x be (-10 - -428)/(-4 + 3). Let b = x - -589. What is the hundreds digit of b?
1
Let t(w) = -903*w - 2144. What is the tens digit of t(-11)?
8
Let r be 2/(-4 - (-488)/124). Let v = r - -31. Let f(q) = q + 8. What is the units digit of f(v)?
8
Let u = -5955 + 66017. What is the thousands digit of u?
0
Let o be 6*1/2 - -2. Suppose 0 = 4*a - 2*a - x - 387, x = o. Suppose -4*s = 2*r - 422, 0 = 2*s - 0*s + 4*r - a. What is the tens digit of s?
0
Let f = -2971 + 3031. What is the units digit of f?
0
Suppose -z + 18 = 4*b, 2*z + 0 = 3*b - 8. Let c(w) = -5*w**2 + w - b - 8 + 25 + w**3. What is the hundreds digit of c(7)?
1
Let d = 4887 - 1545. What is the tens digit of d?
4
Let g(f) be the first derivative of -3*f**4/4 - 8*f**3/3 - 2*f**2 + 4*f + 1. Suppose 2*q = -3*u - 19, u + 3*u = -5*q - 37. What is the units digit of g(q)?
9
Let o(a) = 30*a - 3. Suppose 0 = 2*g - 6*g. Suppose g = -0*z + 5*z - 25, -4*f + 5*z + 3 = 0. What is the units digit of o(f)?
7
What is the units digit of 9/(((-8)/(-2796))/(2 + 0))?
1
Suppose 3*t = -27 + 27. Let s be ((-4)/2 - -2) + 24 - t. Suppose -l + s = -17. What is the tens digit of l?
4
What is the tens digit of (2/16*-4)/((-5)/61970)?
9
Let h = 411 + 61. Let v be 120/((18/(-24))/((-75)/10)). Suppose 4*g = v - h. What is the tens digit of g?
8
Let h be (0 + 0 + 14/28)*2. Let c be 2/(-4)*(4 + h - 3). What is the tens digit of (1 + c + -3 + 6)*27?
8
Let f be 8/(-12) + (-8944)/12. Let k = f - -2068. What is the thousands digit of k?
1
Let g be 0 - 28/4 - -2899. Suppose 4320 = 3*v - 3*h, 0 = 3*v - v + 2*h - g. What is the units digit of v?
3
Suppose -2600 = 12*l - 16*l. Suppose 5*x - l = -5*q + 640, -q + 238 = -4*x. What is the hundreds digit of q?
2
Let q = 14981 + -5506. What is the units digit of q?
5
Let o = -374 - -753. Suppose 2*w + 386 = a, 17 = -a - 4*w + o. What is the units digit of a?
8
Let k(v) = 2*v**2 - 76*v - 97. What is the thousands digit of k(-28)?
3
What is the ten thousands digit of 3/8 + (2/(-4) - (-4841850)/208)?
2
Let a = -36734 + 69625. What is the thousands digit of a?
2
Let q(d) = 3*d - 50 + 29 + d - 5*d. What is the units digit of q(-24)?
3
Let v = 315 - 310. Suppose -2*z = 2*h - 164, -v*z - 135 + 552 = -2*h. What is the units digit of z?
3
Let r be 316*(0/1 - (5 + -4)). Let x = 108 + r. Let p = -44 - x. What is the units digit of p?
4
Let l = -34281 - -91660. What is the ten thousands digit of l?
5
Suppose -z + 3*d - 1751 + 16117 = 0, 0 = -0*d - d. What is the thousands digit of z?
4
Let y = -2000 + 3576. Suppose -8*l = -4*l - y. Suppose 220 = 2*r + 3*b, -4*r + 46 = -5*b - l. What is the units digit of r?
0
Let s(b) = -33*b**3 + 6*b**2 + 22*b + 213. What is the ten thousands digit of s(-7)?
1
Let v = -367 - -431. What is the units digit of 1*(0 + v*11)?
4
Let p(t) = -8*t**3 - 18*t**2 + 3*t + 421. What is the hundreds digit of p(-16)?
5
Let w(m) = 31*m**2 + 9*m + 13. Let o = 154 - 158. What is the hundreds digit of w(o)?
4
Suppose 7*w - 146 = -20. What is the units digit of 6015/11 - w/(-99)?
7
Suppose -97*k = -93*k - 40. Suppose 12*q = k*q - 3*o + 2156, -q = -3*o - 1087. What is the thousands digit of q?
1
Let s = 12 + -92. What is the hundreds digit of (0 + 19/(-3))*4560/s?
3
Suppose 3*z + 27 = 2